tors of 425?
5, 17
What are the prime factors of 44676?
2, 3, 17, 73
What are the prime factors of 24390?
2, 3, 5, 271
List the prime factors of 142.
2, 71
List the prime factors of 1325.
5, 53
List the prime factors of 28889.
7, 4127
What are the prime factors of 2035?
5, 11, 37
List the prime factors of 80171.
7, 13, 881
List the prime factors of 1095.
3, 5, 73
What are the prime factors of 20971?
67, 313
List the prime factors of 15170.
2, 5, 37, 41
List the prime factors of 21673.
21673
List the prime factors of 8480.
2, 5, 53
What are the prime factors of 18719?
18719
List the prime factors of 258.
2, 3, 43
List the prime factors of 3076.
2, 769
List the prime factors of 7031.
79, 89
List the prime factors of 17164.
2, 7, 613
What are the prime factors of 1623?
3, 541
List the prime factors of 3629.
19, 191
List the prime factors of 377.
13, 29
List the prime factors of 47931.
3, 13, 1229
What are the prime factors of 834?
2, 3, 139
List the prime factors of 1466.
2, 733
List the prime factors of 65642.
2, 23, 1427
List the prime factors of 704.
2, 11
List the prime factors of 3241.
7, 463
What are the prime factors of 1222?
2, 13, 47
What are the prime factors of 2227?
17, 131
List the prime factors of 2745.
3, 5, 61
List the prime factors of 715.
5, 11, 13
What are the prime factors of 2906?
2, 1453
List the prime factors of 45329.
45329
List the prime factors of 11042.
2, 5521
List the prime factors of 4210.
2, 5, 421
What are the prime factors of 32986?
2, 16493
What are the prime factors of 3490?
2, 5, 349
What are the prime factors of 1450?
2, 5, 29
List the prime factors of 22107.
3, 7369
What are the prime factors of 16394?
2, 7, 1171
What are the prime factors of 27864?
2, 3, 43
List the prime factors of 22524.
2, 3, 1877
List the prime factors of 19306.
2, 7, 197
What are the prime factors of 6849?
3, 761
What are the prime factors of 2550?
2, 3, 5, 17
List the prime factors of 9975.
3, 5, 7, 19
What are the prime factors of 14206?
2, 7103
What are the prime factors of 1318?
2, 659
What are the prime factors of 29079?
3, 359
List the prime factors of 762.
2, 3, 127
List the prime factors of 1539.
3, 19
What are the prime factors of 6395?
5, 1279
What are the prime factors of 158475?
3, 5, 2113
List the prime factors of 190575.
3, 5, 7, 11
What are the prime factors of 26053?
26053
List the prime factors of 430.
2, 5, 43
What are the prime factors of 1280?
2, 5
What are the prime factors of 713?
23, 31
What are the prime factors of 982?
2, 491
List the prime factors of 116469.
3, 12941
List the prime factors of 1142.
2, 571
List the prime factors of 1809.
3, 67
List the prime factors of 43259.
181, 239
List the prime factors of 216.
2, 3
What are the prime factors of 6701?
6701
List the prime factors of 42102.
2, 3, 2339
List the prime factors of 25034.
2, 12517
List the prime factors of 119376.
2, 3, 829
What are the prime factors of 4138?
2, 2069
List the prime factors of 1127.
7, 23
List the prime factors of 4102.
2, 7, 293
What are the prime factors of 16874?
2, 11, 13, 59
List the prime factors of 5119.
5119
List the prime factors of 2998.
2, 1499
List the prime factors of 57733.
13, 4441
What are the prime factors of 681?
3, 227
List the prime factors of 1457.
31, 47
List the prime factors of 1971.
3, 73
List the prime factors of 7336.
2, 7, 131
What are the prime factors of 243?
3
List the prime factors of 16458.
2, 3, 13, 211
List the prime factors of 10920.
2, 3, 5, 7, 13
List the prime factors of 69147.
3, 13, 197
List the prime factors of 46.
2, 23
What are the prime factors of 21756?
2, 3, 7, 37
List the prime factors of 19515.
3, 5, 1301
What are the prime factors of 872?
2, 109
List the prime factors of 13479.
3, 4493
List the prime factors of 7270.
2, 5, 727
List the prime factors of 47988.
2, 3, 31, 43
List the prime factors of 152.
2, 19
List the prime factors of 29.
29
List the prime factors of 3841.
23, 167
List the prime factors of 2635.
5, 17, 31
What are the prime factors of 6143?
6143
What are the prime factors of 194706?
2, 3, 29, 373
List the prime factors of 2837.
2837
List the prime factors of 3887.
13, 23
What are the prime factors of 138348?
2, 3, 7, 61
List the prime factors of 241.
241
List the prime factors of 638.
2, 11, 29
List the prime factors of 12433.
12433
List the prime factors of 111952.
2, 6997
What are the prime factors of 1048?
2, 131
List the prime factors of 2471.
7, 353
What are the prime factors of 4622?
2, 2311
What are the prime factors of 882?
2, 3, 7
What are the prime factors of 8105?
5, 1621
What are the prime factors of 772?
2, 193
What are the prime factors of 958?
2, 479
List the prime factors of 1644.
2, 3, 137
What are the prime factors of 28250?
2, 5, 113
List the prime factors of 1465.
5, 293
What are the prime factors of 1113?
3, 7, 53
List the prime factors of 88055.
5, 11, 1601
What are the prime factors of 991?
991
List the prime factors of 31238.
2, 15619
List the prime factors of 1396.
2, 349
List the prime factors of 19196.
2, 4799
What are the prime factors of 24509?
24509
List the prime factors of 2137.
2137
What are the prime factors of 1170?
2, 3, 5, 13
What are the prime factors of 8064?
2, 3, 7
What are the prime factors of 34042?
2, 17021
List the prime factors of 50644.
2, 11, 1151
List the prime factors of 3991.
13, 307
List the prime factors of 564.
2, 3, 47
List the prime factors of 291.
3, 97
What are the prime factors of 17820?
2, 3, 5, 11
List the prime factors of 2969.
2969
List the prime factors of 89181.
3, 367
List the prime factors of 2459.
2459
What are the prime factors of 219?
3, 73
List the prime factors of 3894.
2, 3, 11, 59
List the prime factors of 24681.
3, 19, 433
List the prime factors of 1970.
2, 5, 197
What are the prime factors of 3550?
2, 5, 71
What are the prime factors of 38046?
2, 3, 17, 373
List the prime factors of 1681.
41
List the prime factors of 9301.
71, 131
List the prime factors of 808.
2, 101
List the prime factors of 15839.
47, 337
What are the prime factors of 7710?
2, 3, 5, 257
List the prime factors of 1984.
2, 31
What are the prime factors of 569?
569
What are the prime factors of 1799?
7, 257
What are the prime factors of 27944?
2, 7, 499
List the prime factors of 3057.
3, 1019
What are the prime factors of 8486?
2, 4243
List the prime factors of 3392.
2, 53
What are the prime factors of 51004?
2, 41, 311
List the prime factors of 1629.
3, 181
List the prime factors of 8085.
3, 5, 7, 11
What are the prime factors of 1426?
2, 23, 31
What are the prime factors of 2155?
5, 431
What are the prime factors of 1371?
3, 457
List the prime factors of 26274.
2, 3, 29, 151
What are the prime factors of 47280?
2, 3, 5, 197
List the prime factors of 67220.
2, 5, 3361
List the prime factors of 111731.
111731
What are the prime factors of 25689?
3, 8563
What are the prime factors of 45213?
3, 7, 2153
List the prime factors of 310.
2, 5, 31
List the prime factors of 436.
2, 109
What are the prime factors of 275?
5, 11
List the prime factors of 695.
5, 139
What are the prime factors of 2261?
7, 17, 19
List the prime factors of 59935.
5, 11987
List the prime factors of 1492.
2, 373
List the prime factors of 77735.
5, 7, 2221
What are the prime factors of 8?
2
What are the prime factors of 1309?
7, 11, 17
List the prime factors of 803.
11, 73
What are the prime factors of 16913?
13, 1301
What are the prime factors of 1544?
2, 193
List the prime factors of 1420.
2, 5, 71
What are the prime factors of 1984?
2, 31
List the prime factors of 2404.
2, 601
List the prime factors of 6137.
17, 19
What are the prime factors of 3624?
2, 3, 151
List the prime factors of 52430.
2, 5, 7, 107
What are the prime factors of 35419?
35419
List the prime factors of 82506.
2, 3, 13751
List the prime factors of 7945.
5, 7, 227
List the prime factors of 3307.
3307
What are the prime factors of 5664?
2, 3, 59
What are the prime factors of 10853?
10853
What are the prime factors of 1078?
2, 7, 11
List the prime factors of 13.
13
List the prime factors of 7204.
2, 1801
What are the prime factors of 40612?
2, 11, 13, 71
List the prime factors of 1073.
29, 37
What are the prime factors of 103312?
2, 11, 587
List the prime factors of 8804.
2, 31, 71
List